{"id":24,"date":"2016-11-06T15:32:12","date_gmt":"2016-11-06T14:32:12","guid":{"rendered":"http:\/\/blog4schools.de\/brunosblog\/?page_id=24"},"modified":"2016-11-09T13:16:09","modified_gmt":"2016-11-09T12:16:09","slug":"das-sind-wir","status":"publish","type":"page","link":"http:\/\/blog4schools.de\/brunosblog\/das-sind-wir\/","title":{"rendered":"Das sind wir"},"content":{"rendered":"<p>Hi <span style=\"font-size: xx-large;\">\u263a<\/span>,<\/p>\n<p>wir sind der Wahlpflichtkurs \u201eBrunos Blog\u201c der Giordano-Bruno-Gesamtschule Helmstedt und setzen uns aus allen 7. Klassen zusammen. Insgesamt sind wir 20 Sch\u00fclerinnen und Sch\u00fcler und unsere WPK-Leiterin ist\u00a0Frau Sch\u00f6ning. Wir schreiben Blogartikel \u00fcber unsere Schulaktivit\u00e4ten, um zu zeigen, was wir an unserer Schule alles so Tolles machen. Wir treffen uns immer mittwochs in der 5. und 6. Stunde und arbeiten gemeinsam an den Artikeln.<\/p>\n<p><img loading=\"lazy\" decoding=\"async\" class=\"alignnone  wp-image-52\" src=\"http:\/\/blog4schools.de\/brunosblog\/wp-content\/uploads\/sites\/18\/2016\/11\/WPK-BB-300x169.jpg\" alt=\"wpk-bb\" width=\"364\" height=\"205\" srcset=\"http:\/\/blog4schools.de\/brunosblog\/wp-content\/uploads\/sites\/18\/2016\/11\/WPK-BB-300x169.jpg 300w, http:\/\/blog4schools.de\/brunosblog\/wp-content\/uploads\/sites\/18\/2016\/11\/WPK-BB-768x432.jpg 768w, http:\/\/blog4schools.de\/brunosblog\/wp-content\/uploads\/sites\/18\/2016\/11\/WPK-BB-1024x576.jpg 1024w\" sizes=\"(max-width: 364px) 100vw, 364px\" \/><\/p>\n<p>Wir sind: Vivien, Marian, Max, Serkan, Etienne, Louis, Jonas, Dominic, Luca, Henrik, Saphira, Melina, Jasmin, Adrian, Justin, Emirhan, Jeremy.<\/p>\n<p>Auf dem Foto fehlen: Maya, Max und William<\/p>\n<p>&nbsp;<\/p>\n<p>&nbsp;<\/p>\n","protected":false},"excerpt":{"rendered":"<p>Hi \u263a, wir sind der Wahlpflichtkurs \u201eBrunos Blog\u201c der Giordano-Bruno-Gesamtschule Helmstedt und setzen uns aus allen 7. Klassen zusammen. Insgesamt sind wir 20 Sch\u00fclerinnen und Sch\u00fcler und unsere WPK-Leiterin ist\u00a0Frau Sch\u00f6ning. Wir schreiben Blogartikel \u00fcber unsere Schulaktivit\u00e4ten, um zu zeigen,&hellip; <a href=\"http:\/\/blog4schools.de\/brunosblog\/das-sind-wir\/\" class=\"more-link\">Weiterlesen <span class=\"meta-nav\">&rarr;<\/span><\/a><\/p>\n","protected":false},"author":74,"featured_media":0,"parent":0,"menu_order":0,"comment_status":"closed","ping_status":"closed","template":"","meta":{"footnotes":""},"_links":{"self":[{"href":"http:\/\/blog4schools.de\/brunosblog\/wp-json\/wp\/v2\/pages\/24"}],"collection":[{"href":"http:\/\/blog4schools.de\/brunosblog\/wp-json\/wp\/v2\/pages"}],"about":[{"href":"http:\/\/blog4schools.de\/brunosblog\/wp-json\/wp\/v2\/types\/page"}],"author":[{"embeddable":true,"href":"http:\/\/blog4schools.de\/brunosblog\/wp-json\/wp\/v2\/users\/74"}],"replies":[{"embeddable":true,"href":"http:\/\/blog4schools.de\/brunosblog\/wp-json\/wp\/v2\/comments?post=24"}],"version-history":[{"count":6,"href":"http:\/\/blog4schools.de\/brunosblog\/wp-json\/wp\/v2\/pages\/24\/revisions"}],"predecessor-version":[{"id":53,"href":"http:\/\/blog4schools.de\/brunosblog\/wp-json\/wp\/v2\/pages\/24\/revisions\/53"}],"wp:attachment":[{"href":"http:\/\/blog4schools.de\/brunosblog\/wp-json\/wp\/v2\/media?parent=24"}],"curies":[{"name":"wp","href":"https:\/\/api.w.org\/{rel}","templated":true}]}}