{"id":41,"date":"2016-11-08T19:25:50","date_gmt":"2016-11-08T18:25:50","guid":{"rendered":"http:\/\/blog4schools.de\/brunosblog\/?page_id=41"},"modified":"2016-11-09T10:17:38","modified_gmt":"2016-11-09T09:17:38","slug":"impressum","status":"publish","type":"page","link":"http:\/\/blog4schools.de\/brunosblog\/impressum\/","title":{"rendered":"Impressum"},"content":{"rendered":"<div id=\"wrapper\" class=\"cc-content-parent\">\n<div id=\"content\" class=\"cc-content-parent\">\n<div class=\"gutter cc-content-parent\">\n<div id=\"content_area\" data-container=\"content\">\n<div id=\"cc-matrix-2422342421\">\n<div id=\"cc-m-9917538421\" class=\"j-module n j-text \">\n<p><strong>Angaben gem\u00e4\u00df \u00a7 5 TMG:<br \/>\n<\/strong><\/p>\n<p><strong>Land Niedersachsen (Diensteanbieter im Sinne des Telemediengesetzes)<\/strong><\/p>\n<p><strong>Das Land Niedersachsen ist eine juristische Person des \u00f6ffentlichen Rechts vertreten durch:<\/strong><\/p>\n<p>&nbsp;<\/p>\n<p><strong>Schulleiter<\/strong><\/p>\n<p>Thomas Trubjansky<\/p>\n<p>&nbsp;<\/p>\n<p><strong>Giordano-Bruno-Gesamtschule<\/strong><\/p>\n<div>Schulstra\u00dfe 18<\/div>\n<div>38350 Helmstedt<\/div>\n<div>Telefon: (05351) 55394 0<\/div>\n<div>Telefax: (05351) 55394 29<\/div>\n<div><a title=\"schulleitung@bruno-igs.de\" href=\"mailto:schulleitung@bruno-igs.de\">schulleitung@bruno-igs.de<\/a><\/div>\n<\/div>\n<div id=\"cc-m-9917540321\" class=\"j-module n j-spacing \"><\/div>\n<div id=\"cc-m-9917540021\" class=\"j-module n j-header \">\n<h3 id=\"cc-m-header-9917540021\" class=\"\">Haftungsausschluss<\/h3>\n<\/div>\n<div id=\"cc-m-9917539321\" class=\"j-module n j-text \">\n<p>Diese Webseite beinhaltet externe Links. Deren Inhalte entziehen sich unserer Einflussnahme, sodass eine Gew\u00e4hr f\u00fcr solche Inhalte von uns nicht \u00fcbernommen werden kann.<br \/>\nDie Verantwortung liegt stets beim jeweiligen Betreiber der externen Seiten. Zum Zeitpunkt der Verkn\u00fcpfung der externen Links waren keine Rechtsverst\u00f6\u00dfe ersichtlich. Die permanente \u00dcberwachung fremder Inhalte auf Rechtsverst\u00f6\u00dfe ohne konkrete Hinweise ist uns nicht zumutbar.<br \/>\nSollten wir Kenntnis von Rechtsverletzungen erlangen, werden wir die entsprechenden externen Links unverz\u00fcglich entfernen.<\/p>\n<p>Wenden Sie sich ggf. an:\u00a0<a title=\"datenschutz@bruno-igs.de\" href=\"mailto:datenschutz@bruno-igs.de%20\">datenschutz@bruno-igs.de<\/a><\/p>\n<\/div>\n<\/div>\n<\/div>\n<\/div>\n<\/div>\n<\/div>\n<div id=\"footer\" class=\"altcolor\">\n<div class=\"gutter\">\n<div id=\"contentfooter\" data-container=\"footer\">\n<div class=\"leftrow\"><\/div>\n<div class=\"rightrow\"><\/div>\n<\/div>\n<\/div>\n<\/div>\n","protected":false},"excerpt":{"rendered":"<p>Angaben gem\u00e4\u00df \u00a7 5 TMG: Land Niedersachsen (Diensteanbieter im Sinne des Telemediengesetzes) Das Land Niedersachsen ist eine juristische Person des \u00f6ffentlichen Rechts vertreten durch: &nbsp; Schulleiter Thomas Trubjansky &nbsp; Giordano-Bruno-Gesamtschule Schulstra\u00dfe 18 38350 Helmstedt Telefon: (05351) 55394 0 Telefax: (05351)&hellip; <a href=\"http:\/\/blog4schools.de\/brunosblog\/impressum\/\" class=\"more-link\">Weiterlesen <span class=\"meta-nav\">&rarr;<\/span><\/a><\/p>\n","protected":false},"author":74,"featured_media":0,"parent":0,"menu_order":0,"comment_status":"closed","ping_status":"closed","template":"","meta":{"footnotes":""},"_links":{"self":[{"href":"http:\/\/blog4schools.de\/brunosblog\/wp-json\/wp\/v2\/pages\/41"}],"collection":[{"href":"http:\/\/blog4schools.de\/brunosblog\/wp-json\/wp\/v2\/pages"}],"about":[{"href":"http:\/\/blog4schools.de\/brunosblog\/wp-json\/wp\/v2\/types\/page"}],"author":[{"embeddable":true,"href":"http:\/\/blog4schools.de\/brunosblog\/wp-json\/wp\/v2\/users\/74"}],"replies":[{"embeddable":true,"href":"http:\/\/blog4schools.de\/brunosblog\/wp-json\/wp\/v2\/comments?post=41"}],"version-history":[{"count":5,"href":"http:\/\/blog4schools.de\/brunosblog\/wp-json\/wp\/v2\/pages\/41\/revisions"}],"predecessor-version":[{"id":46,"href":"http:\/\/blog4schools.de\/brunosblog\/wp-json\/wp\/v2\/pages\/41\/revisions\/46"}],"wp:attachment":[{"href":"http:\/\/blog4schools.de\/brunosblog\/wp-json\/wp\/v2\/media?parent=41"}],"curies":[{"name":"wp","href":"https:\/\/api.w.org\/{rel}","templated":true}]}}