{"id":589,"date":"2017-08-26T19:27:58","date_gmt":"2017-08-26T17:27:58","guid":{"rendered":"http:\/\/blog4schools.de\/didacta\/?page_id=589"},"modified":"2018-02-07T13:15:01","modified_gmt":"2018-02-07T12:15:01","slug":"hannover-2018","status":"publish","type":"page","link":"http:\/\/blog4schools.de\/didacta\/hannover-2018\/","title":{"rendered":"Hannover 2018"},"content":{"rendered":"<h4><img loading=\"lazy\" decoding=\"async\" class=\"alignnone size-full wp-image-599 aligncenter\" src=\"http:\/\/blog4schools.de\/didacta\/wp-content\/uploads\/sites\/9\/2018\/02\/bild1.jpg\" alt=\"\" width=\"582\" height=\"161\" srcset=\"http:\/\/blog4schools.de\/didacta\/wp-content\/uploads\/sites\/9\/2018\/02\/bild1.jpg 582w, http:\/\/blog4schools.de\/didacta\/wp-content\/uploads\/sites\/9\/2018\/02\/bild1-300x83.jpg 300w\" sizes=\"(max-width: 582px) 100vw, 582px\" \/><\/h4>\n<h4 style=\"text-align: center;\">Die <span style=\"color: #ff0000;\"><em><strong>didacta 2018<\/strong><\/em><\/span><\/h4>\n<h4 style=\"text-align: center;\">findet vom <em><span style=\"color: #ff0000;\">20. Februar 2018 bis zu 24. Februar 2018 in Hannover<\/span> <\/em>statt.<\/h4>\n<p><img loading=\"lazy\" decoding=\"async\" class=\"wp-image-502 alignleft\" src=\"http:\/\/blog4schools.de\/didacta\/wp-content\/uploads\/sites\/9\/2016\/02\/pageBegegnungen1.jpg\" alt=\"\" width=\"237\" height=\"237\" srcset=\"http:\/\/blog4schools.de\/didacta\/wp-content\/uploads\/sites\/9\/2016\/02\/pageBegegnungen1.jpg 602w, http:\/\/blog4schools.de\/didacta\/wp-content\/uploads\/sites\/9\/2016\/02\/pageBegegnungen1-150x150.jpg 150w, http:\/\/blog4schools.de\/didacta\/wp-content\/uploads\/sites\/9\/2016\/02\/pageBegegnungen1-300x300.jpg 300w, http:\/\/blog4schools.de\/didacta\/wp-content\/uploads\/sites\/9\/2016\/02\/pageBegegnungen1-50x50.jpg 50w\" sizes=\"(max-width: 237px) 100vw, 237px\" \/><\/p>\n<p>Zum 11. Mal k\u00f6nnt ihr uns live auf der weltweit gr\u00f6\u00dften Bildungsmesse und f\u00fcr Deutschland die wichtigste Messe in Sachen Bildung treffen. Auch in diesem Jahr versuchen viele unserer Macher und Redakteure euch f\u00fcr Fragen, Tipps, Tricks und Gespr\u00e4che zur Verf\u00fcgung zu stehen. Wie in den vergangenen Jahren plant der Eine oder Andere ein Treffen oder Wiedersehen mit seinem Lieblingsredakteur oder freundschaftlich verbundenen Communitymitgliedern. Auch nur in die Arme schlie\u00dfen oder ein Selfie f\u00fcr die Handygalerie machen sind kleine Zeichen der Verbundenheit und der geschlossenen Freundschaften. Es ist jedoch sicher, die didacta ist wieder einer der H\u00f6hepunkte dieses Jahres bei www.4teachers.de. ;-).<\/p>\n<p>Wie in den letzten Jahren auch, bleiben wir unserem nicht kommerziellen Standkonzept treu und konzentrieren uns auf liebevolle Beratung, \u00a0individuelle Kontaktpflege, flexible Probleml\u00f6sung und nette Gespr\u00e4che in bildungsf\u00fcrsorglicher Atmosph\u00e4re.<\/p>\n<p>Vielleicht an dieser Stelle noch einen Tipp f\u00fcr die Messebesucher. In Vorbereitung auf den langen Messetag solltet ihr Gutscheine bereithalten und eine Route der St\u00e4nde eventuell schon vorplanen. Bei der Planung eures Messetages hilft\u00a0 euch das Messeforum auf www.4teachers.de, die Seite der Messe <a href=\"http:\/\/www.didacta-hannover.de\/de\/teilnahme-planung\/fuer-besucher\/\">http:\/\/www.didacta-hannover.de\/de\/teilnahme-planung\/fuer-besucher\/<\/a> und nat\u00fcrlich unsere Messetipps dieses Blogs.<\/p>\n<p>&nbsp;<\/p>\n<p><strong>Uns findet ihr in diesem Jahr in\u00a0 Halle 13\u00a0 Stand C83. Wir freuen uns auf euch &#x1f642;<\/strong><em><strong><br \/>\n<\/strong><\/em><\/p>\n<p><img loading=\"lazy\" decoding=\"async\" class=\"alignnone wp-image-600\" src=\"http:\/\/blog4schools.de\/didacta\/wp-content\/uploads\/sites\/9\/2018\/02\/didactaplan2.jpg\" alt=\"\" width=\"522\" height=\"347\" srcset=\"http:\/\/blog4schools.de\/didacta\/wp-content\/uploads\/sites\/9\/2018\/02\/didactaplan2.jpg 1143w, http:\/\/blog4schools.de\/didacta\/wp-content\/uploads\/sites\/9\/2018\/02\/didactaplan2-300x199.jpg 300w, http:\/\/blog4schools.de\/didacta\/wp-content\/uploads\/sites\/9\/2018\/02\/didactaplan2-768x510.jpg 768w, http:\/\/blog4schools.de\/didacta\/wp-content\/uploads\/sites\/9\/2018\/02\/didactaplan2-1024x680.jpg 1024w\" sizes=\"(max-width: 522px) 100vw, 522px\" \/> <img loading=\"lazy\" decoding=\"async\" class=\"alignnone wp-image-601\" src=\"http:\/\/blog4schools.de\/didacta\/wp-content\/uploads\/sites\/9\/2018\/02\/plandidacta1.jpg\" alt=\"\" width=\"478\" height=\"467\" srcset=\"http:\/\/blog4schools.de\/didacta\/wp-content\/uploads\/sites\/9\/2018\/02\/plandidacta1.jpg 2369w, http:\/\/blog4schools.de\/didacta\/wp-content\/uploads\/sites\/9\/2018\/02\/plandidacta1-300x293.jpg 300w, http:\/\/blog4schools.de\/didacta\/wp-content\/uploads\/sites\/9\/2018\/02\/plandidacta1-768x750.jpg 768w, http:\/\/blog4schools.de\/didacta\/wp-content\/uploads\/sites\/9\/2018\/02\/plandidacta1-1024x1000.jpg 1024w, http:\/\/blog4schools.de\/didacta\/wp-content\/uploads\/sites\/9\/2018\/02\/plandidacta1-50x50.jpg 50w\" sizes=\"(max-width: 478px) 100vw, 478px\" \/><\/p>\n<p>&nbsp;<\/p>\n<p>MESSEINFO:<\/p>\n<p>Die Messe didacta in Hannover ist eine Bildungsmesse und die gr\u00f6\u00dfte Fachmesse f\u00fcr die Bildungswirtschaft in Europa. Mehr als 700 Aussteller aus \u00fcber 30 L\u00e4ndern pr\u00e4sentieren sich auf der didacta Messe Hannover in den Themenfeldern \u201eFr\u00fche Bildung\u201c, \u201eSchule \/ Hochschule\u201c und \u201eBerufliche Bildung \/ Qualifizierung\u201c und im Ausstellungsbereich \u201edidacta DIGITAL\u201c . Gezeigt werden neueste Lernmaterialien, Lernkonzepte und Lernumgebungen. Begleitet von einem umfassenden Rahmenprogramm mit mehr als 1.500 Veranstaltungen, werden auf der Bildungsmesse didacta in Hannover wichtige Entscheidungen rund um Erziehung, Bildung und Qualifizierung getroffen.<\/p>\n","protected":false},"excerpt":{"rendered":"<p>Die didacta 2018 findet vom 20. Februar 2018 bis zu 24. Februar 2018 in Hannover statt. Zum 11. Mal k\u00f6nnt ihr uns live auf der weltweit gr\u00f6\u00dften Bildungsmesse und f\u00fcr Deutschland die wichtigste Messe in Sachen Bildung treffen. Auch in&hellip; <a href=\"http:\/\/blog4schools.de\/didacta\/hannover-2018\/\" class=\"more-link\">Weiterlesen <span class=\"meta-nav\">&rarr;<\/span><\/a><\/p>\n","protected":false},"author":8,"featured_media":0,"parent":0,"menu_order":0,"comment_status":"closed","ping_status":"closed","template":"","meta":{"footnotes":""},"_links":{"self":[{"href":"http:\/\/blog4schools.de\/didacta\/wp-json\/wp\/v2\/pages\/589"}],"collection":[{"href":"http:\/\/blog4schools.de\/didacta\/wp-json\/wp\/v2\/pages"}],"about":[{"href":"http:\/\/blog4schools.de\/didacta\/wp-json\/wp\/v2\/types\/page"}],"author":[{"embeddable":true,"href":"http:\/\/blog4schools.de\/didacta\/wp-json\/wp\/v2\/users\/8"}],"replies":[{"embeddable":true,"href":"http:\/\/blog4schools.de\/didacta\/wp-json\/wp\/v2\/comments?post=589"}],"version-history":[{"count":10,"href":"http:\/\/blog4schools.de\/didacta\/wp-json\/wp\/v2\/pages\/589\/revisions"}],"predecessor-version":[{"id":610,"href":"http:\/\/blog4schools.de\/didacta\/wp-json\/wp\/v2\/pages\/589\/revisions\/610"}],"wp:attachment":[{"href":"http:\/\/blog4schools.de\/didacta\/wp-json\/wp\/v2\/media?parent=589"}],"curies":[{"name":"wp","href":"https:\/\/api.w.org\/{rel}","templated":true}]}}